[INFO] cloning repository https://github.com/mythmon/rearguard
[INFO] running `Command { std: "git" "-c" "credential.helper=" "-c" "credential.helper=/workspace/cargo-home/bin/git-credential-null" "clone" "--bare" "https://github.com/mythmon/rearguard" "/workspace/cache/git-repos/https%3A%2F%2Fgithub.com%2Fmythmon%2Frearguard", kill_on_drop: false }`
[INFO] [stderr] Cloning into bare repository '/workspace/cache/git-repos/https%3A%2F%2Fgithub.com%2Fmythmon%2Frearguard'...
[INFO] running `Command { std: "git" "rev-parse" "HEAD", kill_on_drop: false }`
[INFO] [stdout] 7fde477fcbc072af8d710874018045a6a1793903
[INFO] building mythmon/rearguard against master#881c1ac408d93bb7adaa3a51dabab9266e82eee8 for issue-85264
[INFO] running `Command { std: "git" "clone" "/workspace/cache/git-repos/https%3A%2F%2Fgithub.com%2Fmythmon%2Frearguard" "/workspace/builds/worker-7/source", kill_on_drop: false }`
[INFO] [stderr] Cloning into '/workspace/builds/worker-7/source'...
[INFO] [stderr] done.
[INFO] validating manifest of git repo https://github.com/mythmon/rearguard on toolchain 881c1ac408d93bb7adaa3a51dabab9266e82eee8
[INFO] running `Command { std: "/workspace/cargo-home/bin/cargo" "+881c1ac408d93bb7adaa3a51dabab9266e82eee8" "metadata" "--manifest-path" "Cargo.toml" "--no-deps", kill_on_drop: false }`
[INFO] started tweaking git repo https://github.com/mythmon/rearguard
[INFO] finished tweaking git repo https://github.com/mythmon/rearguard
[INFO] tweaked toml for git repo https://github.com/mythmon/rearguard written to /workspace/builds/worker-7/source/Cargo.toml
[INFO] crate git repo https://github.com/mythmon/rearguard already has a lockfile, it will not be regenerated
[INFO] running `Command { std: "/workspace/cargo-home/bin/cargo" "+881c1ac408d93bb7adaa3a51dabab9266e82eee8" "fetch" "--manifest-path" "Cargo.toml", kill_on_drop: false }`
[INFO] running `Command { std: "docker" "create" "-v" "/var/lib/crater-agent-workspace/builds/worker-7/target:/opt/rustwide/target:rw,Z" "-v" "/var/lib/crater-agent-workspace/builds/worker-7/source:/opt/rustwide/workdir:ro,Z" "-v" "/var/lib/crater-agent-workspace/cargo-home:/opt/rustwide/cargo-home:ro,Z" "-v" "/var/lib/crater-agent-workspace/rustup-home:/opt/rustwide/rustup-home:ro,Z" "-e" "SOURCE_DIR=/opt/rustwide/workdir" "-e" "CARGO_TARGET_DIR=/opt/rustwide/target" "-e" "CARGO_HOME=/opt/rustwide/cargo-home" "-e" "RUSTUP_HOME=/opt/rustwide/rustup-home" "-w" "/opt/rustwide/workdir" "-m" "1610612736" "--user" "0:0" "--network" "none" "ghcr.io/rust-lang/crates-build-env/linux@sha256:20528e8c29e4536546f0102ce88568b16ea7538393a33fcca951030f7af10457" "/opt/rustwide/cargo-home/bin/cargo" "+881c1ac408d93bb7adaa3a51dabab9266e82eee8" "metadata" "--no-deps" "--format-version=1", kill_on_drop: false }`
[INFO] [stdout] ed331ac6184cf8a54cfa58f073de07a154443505bbc0f51d1630cf13f02ec90e
[INFO] [stderr] WARNING: Your kernel does not support swap limit capabilities or the cgroup is not mounted. Memory limited without swap.
[INFO] running `Command { std: "docker" "start" "-a" "ed331ac6184cf8a54cfa58f073de07a154443505bbc0f51d1630cf13f02ec90e", kill_on_drop: false }`
[INFO] running `Command { std: "docker" "inspect" "ed331ac6184cf8a54cfa58f073de07a154443505bbc0f51d1630cf13f02ec90e", kill_on_drop: false }`
[INFO] running `Command { std: "docker" "rm" "-f" "ed331ac6184cf8a54cfa58f073de07a154443505bbc0f51d1630cf13f02ec90e", kill_on_drop: false }`
[INFO] [stdout] ed331ac6184cf8a54cfa58f073de07a154443505bbc0f51d1630cf13f02ec90e
[INFO] running `Command { std: "docker" "create" "-v" "/var/lib/crater-agent-workspace/builds/worker-7/target:/opt/rustwide/target:rw,Z" "-v" "/var/lib/crater-agent-workspace/builds/worker-7/source:/opt/rustwide/workdir:ro,Z" "-v" "/var/lib/crater-agent-workspace/cargo-home:/opt/rustwide/cargo-home:ro,Z" "-v" "/var/lib/crater-agent-workspace/rustup-home:/opt/rustwide/rustup-home:ro,Z" "-e" "SOURCE_DIR=/opt/rustwide/workdir" "-e" "CARGO_TARGET_DIR=/opt/rustwide/target" "-e" "CARGO_INCREMENTAL=0" "-e" "RUST_BACKTRACE=full" "-e" "RUSTFLAGS=--cap-lints=forbid" "-e" "CARGO_HOME=/opt/rustwide/cargo-home" "-e" "RUSTUP_HOME=/opt/rustwide/rustup-home" "-w" "/opt/rustwide/workdir" "-m" "1610612736" "--user" "0:0" "--network" "none" "ghcr.io/rust-lang/crates-build-env/linux@sha256:20528e8c29e4536546f0102ce88568b16ea7538393a33fcca951030f7af10457" "/opt/rustwide/cargo-home/bin/cargo" "+881c1ac408d93bb7adaa3a51dabab9266e82eee8" "build" "--frozen" "--message-format=json", kill_on_drop: false }`
[INFO] [stdout] e90e237c00e8cd88a61e06e22f1d5d2992f95fe40ae79f56b9c1a9a910f37462
[INFO] [stderr] WARNING: Your kernel does not support swap limit capabilities or the cgroup is not mounted. Memory limited without swap.
[INFO] running `Command { std: "docker" "start" "-a" "e90e237c00e8cd88a61e06e22f1d5d2992f95fe40ae79f56b9c1a9a910f37462", kill_on_drop: false }`
[INFO] [stderr]    Compiling rearguard v0.1.0 (/opt/rustwide/workdir)
[INFO] [stdout] error: cannot find macro `select` in this scope
[INFO] [stdout]   --> src/main.rs:28:9
[INFO] [stdout]    |
[INFO] [stdout] 28 |         select! (
[INFO] [stdout]    |         ^^^^^^
[INFO] [stdout] 
[INFO] [stdout] 
[INFO] [stdout] error: cannot find macro `select` in this scope
[INFO] [stdout]   --> src/main.rs:89:9
[INFO] [stdout]    |
[INFO] [stdout] 89 |         select! (
[INFO] [stdout]    |         ^^^^^^
[INFO] [stdout] 
[INFO] [stdout] 
[INFO] [stdout] warning: use of deprecated macro `try`: use the `?` operator instead
[INFO] [stdout]   --> src/main.rs:74:23
[INFO] [stdout]    |
[INFO] [stdout] 74 |     let client_addr = try!(stream.peer_addr());
[INFO] [stdout]    |                       ^^^
[INFO] [stdout]    |
[INFO] [stdout]    = note: `#[warn(deprecated)]` on by default
[INFO] [stdout] 
[INFO] [stdout] 
[INFO] [stdout] warning: use of deprecated macro `try`: use the `?` operator instead
[INFO] [stdout]   --> src/main.rs:75:33
[INFO] [stdout]    |
[INFO] [stdout] 75 |     let reader = BufReader::new(try!(stream.try_clone()));
[INFO] [stdout]    |                                 ^^^
[INFO] [stdout] 
[INFO] [stdout] 
[INFO] [stdout] warning: unreachable statement
[INFO] [stdout]    --> src/main.rs:127:5
[INFO] [stdout]     |
[INFO] [stdout] 88  | /     loop {
[INFO] [stdout] 89  | |         select! (
[INFO] [stdout] 90  | |             user_msg = messages_rx.recv() => {
[INFO] [stdout] 91  | |                 let user_msg = user_msg.unwrap_or_else(|e| { panic!(e) });
[INFO] [stdout] ...   |
[INFO] [stdout] 124 | |         );
[INFO] [stdout] 125 | |     }
[INFO] [stdout]     | |_____- any code following this expression is unreachable
[INFO] [stdout] 126 | 
[INFO] [stdout] 127 |       println!("{}: disconnected.", client_addr);
[INFO] [stdout]     |       ^^^^^^^^^^^^^^^^^^^^^^^^^^^^^^^^^^^^^^^^^^^ unreachable statement
[INFO] [stdout]     |
[INFO] [stdout]     = note: `#[warn(unreachable_code)]` on by default
[INFO] [stdout]     = note: this warning originates in a macro (in Nightly builds, run with -Z macro-backtrace for more info)
[INFO] [stdout] 
[INFO] [stdout] 
[INFO] [stdout] warning: use of deprecated associated function `core::str::<impl str>::trim_right_matches`: superseded by `trim_end_matches`
[INFO] [stdout]   --> src/message.rs:63:34
[INFO] [stdout]    |
[INFO] [stdout] 63 |         let words: Vec<&str> = s.trim_right_matches("\r").split(" ").collect();
[INFO] [stdout]    |                                  ^^^^^^^^^^^^^^^^^^ help: replace the use of the deprecated associated function: `trim_end_matches`
[INFO] [stdout] 
[INFO] [stdout] 
[INFO] [stdout] error[E0599]: no method named `slice_chars` found for reference `&str` in the current scope
[INFO] [stdout]   --> src/message.rs:66:34
[INFO] [stdout]    |
[INFO] [stdout] 66 |         let prefix = if words[i].slice_chars(0, 1) == ":" {
[INFO] [stdout]    |                                  ^^^^^^^^^^^ method not found in `&str`
[INFO] [stdout] 
[INFO] [stdout] 
[INFO] [stdout] error[E0599]: no method named `slice_chars` found for reference `&str` in the current scope
[INFO] [stdout]   --> src/message.rs:68:31
[INFO] [stdout]    |
[INFO] [stdout] 68 |             Some(words[i - 1].slice_chars(1, words[i - 1].len()).to_string())
[INFO] [stdout]    |                               ^^^^^^^^^^^ method not found in `&str`
[INFO] [stdout] 
[INFO] [stdout] 
[INFO] [stdout] error[E0599]: no method named `slice_chars` found for reference `&str` in the current scope
[INFO] [stdout]   --> src/message.rs:80:25
[INFO] [stdout]    |
[INFO] [stdout] 80 |             if words[i].slice_chars(0, 1) == ":" {
[INFO] [stdout]    |                         ^^^^^^^^^^^ method not found in `&str`
[INFO] [stdout] 
[INFO] [stdout] 
[INFO] [stdout] error[E0599]: no method named `slice_chars` found for reference `&str` in the current scope
[INFO] [stdout]   --> src/message.rs:81:48
[INFO] [stdout]    |
[INFO] [stdout] 81 |                 let mut trail_parts = words[i].slice_chars(1, words[i].len()).to_string();
[INFO] [stdout]    |                                                ^^^^^^^^^^^ method not found in `&str`
[INFO] [stdout] 
[INFO] [stdout] 
[INFO] [stdout] error: aborting due to 6 previous errors; 4 warnings emitted
[INFO] [stdout] 
[INFO] [stdout] 
[INFO] [stdout] For more information about this error, try `rustc --explain E0599`.
[INFO] [stdout] 
[INFO] [stderr] error: could not compile `rearguard`
[INFO] [stderr] 
[INFO] [stderr] To learn more, run the command again with --verbose.
[INFO] running `Command { std: "docker" "inspect" "e90e237c00e8cd88a61e06e22f1d5d2992f95fe40ae79f56b9c1a9a910f37462", kill_on_drop: false }`
[INFO] running `Command { std: "docker" "rm" "-f" "e90e237c00e8cd88a61e06e22f1d5d2992f95fe40ae79f56b9c1a9a910f37462", kill_on_drop: false }`
[INFO] [stdout] e90e237c00e8cd88a61e06e22f1d5d2992f95fe40ae79f56b9c1a9a910f37462
